{"id":28,"date":"2017-03-03T19:07:42","date_gmt":"2017-03-03T19:07:42","guid":{"rendered":"http:\/\/crown-art.dv.ancorathemes.com\/?page_id=28"},"modified":"2019-02-14T10:18:03","modified_gmt":"2019-02-14T10:18:03","slug":"equipo","status":"publish","type":"page","link":"https:\/\/gandiainnova.webs.upv.es\/talento\/equipo\/","title":{"rendered":"Equipo"},"content":{"rendered":"<p>[vc_row equal_height=\u00bbyes\u00bb content_placement=\u00bbmiddle\u00bb][vc_column width=\u00bb1\/4&#8243;][vc_empty_space alter_height=\u00bbmedium\u00bb hide_on_mobile=\u00bb\u00bb][asvc_moving_image image=\u00bb1006&#8243; animation_style=\u00bbpulse\u00bb align=\u00bbcenter\u00bb title=\u00bbT\u00edtulo\u00bb][\/vc_column][vc_column width=\u00bb3\/4&#8243;][vc_empty_space alter_height=\u00bbbiggest\u00bb hide_on_mobile=\u00bb1&#8243;][trx_sc_title title_style=\u00bbdefault\u00bb title=\u00bbTodo un equipo para ti\u00bb subtitle=\u00bbCampus Talent\u00bb description=\u00bbTodo el equipo de la C\u00e1tedra est\u00e1 muy implicado con la esencia de este programa, el desarrollo de las competencias personales y profesionales. Esto tambi\u00e9n suponen una forma de innovaci\u00f3n tanto en las personas como en los equipos de las organizaciones. Cada pieza de este proyecto est\u00e1 pensada para el crecimiento personal y profesional de cada uno de vosotros y vosotras.\u00bb][\/vc_column][\/vc_row][vc_row full_width=\u00bbstretch_row\u00bb equal_height=\u00bbyes\u00bb content_placement=\u00bbmiddle\u00bb css=\u00bb.vc_custom_1494944534427{background-color: #fbede2 !important;}\u00bb][vc_column offset=\u00bbvc_col-md-offset-1 vc_col-md-5&#8243;][vc_empty_space alter_height=\u00bbbiggest\u00bb hide_on_mobile=\u00bb\u00bb][trx_sc_title title_style=\u00bbdefault\u00bb title_tag=\u00bbh2&#8243; title=\u00bbMarta Ciudad\u00bb subtitle=\u00bbCoordinadora del proyecto\u00bb description=\u00bbA pesar de ser Grado en Gesti\u00f3n Tur\u00edstica, se especializ\u00f3 en la organizaci\u00f3n de eventos y es MBA en Gesti\u00f3n de Eventos, RR.II. y Protocolo. Comprometida con los grandes resultados tanto personales como profesionales, se decidi\u00f3 certificar como Coach Personal y Ejecutivo y conocer para poder trabajar la metodolog\u00eda que permite estos resultados.\u00bb][vc_empty_space alter_height=\u00bbbiggest\u00bb hide_on_mobile=\u00bb1,3&#8243;][\/vc_column][vc_column offset=\u00bbvc_col-md-6&#8243;][vc_empty_space alter_height=\u00bbmedium\u00bb hide_on_mobile=\u00bb\u00bb css=\u00bb.vc_custom_1494944628305{margin-top: 0.3rem !important;}\u00bb][vc_single_image image=\u00bb846&#8243; img_size=\u00bbfull\u00bb alignment=\u00bbcenter\u00bb][\/vc_column][\/vc_row][vc_row full_width=\u00bbstretch_row\u00bb equal_height=\u00bbyes\u00bb content_placement=\u00bbmiddle\u00bb css=\u00bb.vc_custom_1494944534427{background-color: #fbede2 !important;}\u00bb][vc_column offset=\u00bbvc_col-md-6&#8243;][vc_empty_space alter_height=\u00bbmedium\u00bb hide_on_mobile=\u00bb\u00bb css=\u00bb.vc_custom_1494944628305{margin-top: 0.3rem !important;}\u00bb][vc_single_image image=\u00bb848&#8243; img_size=\u00bbfull\u00bb alignment=\u00bbcenter\u00bb][\/vc_column][vc_column offset=\u00bbvc_col-md-offset-1 vc_col-md-5&#8243;][vc_empty_space alter_height=\u00bbbiggest\u00bb hide_on_mobile=\u00bb\u00bb][trx_sc_title title_style=\u00bbdefault\u00bb title_tag=\u00bbh2&#8243; title=\u00bbEl\u00edas Azulay\u00bb subtitle=\u00bb Investigador algoritmo ADNe\u00bb description=\u00bb#E-8_RXN0ZSUyMGxpY2VuY2lhZG8lMjBlbiUyMEdlc3RpJUMzJUIzbiUyMHklMjBBZG1pbmlzdHJhY2klQzMlQjNuJTIwZGUlMjBFbXByZXNhcyUyMHklMjBNQkElMkMlMjB1biUyMGQlQzMlQURhJTIwc2UlMjBlbmFtb3IlQzMlQjMlMjBkZSUyMGxhJTIwaW52ZXN0aWdhY2klQzMlQjNuJTIwZW50cmFuZG8lMjBkZSUyMGxsZW5vJTIwZW4lMjB1bmElMjB2ZXJ0aWdpbm9zYSUyMGUlMjBpbm5vdmFkb3JhJTIwY2FycmVyYSUyMG11bHRpZGlzY2lwbGluYXIuJTIwRXMlMjBhdXRvciUyMGRlJTIwbG9zJTIwbGlicm9zJTIwJTIyVCVDMyVBOWNuaWNhcyUyMGRlJTIwTmVnb2NpYWNpJUMzJUIzbiUyMGVuJTIwbG9zJTIwTWVyY2Fkb3MlMjBJbnRlcm5hY2lvbmFsZXMlMjIlMjB5JTIwJTIyRWwlMjBBRE4lMjBlbW9jaW9uYWwlMjIlMkMlMjBlbnRyZSUyMG90cm9zLiUyMEdhbGFyZG9uYWRvJTIwcG9yJTIwQUVERU0lMjAyMDE4JTIwcG9yJTIwbGElMjB1dGlsaXphY2klQzMlQjNuJTIwZGVsJTIwYWxnb3JpdG1vJTIwQUROZSUyMGVuJTIwbGElMjBkZXRlY2NpJUMzJUIzbiUyMHRlbXByYW5hJTIwZGVsJTIwQWx6aGVpbWVyLg==\u00bb][vc_empty_space alter_height=\u00bbbiggest\u00bb hide_on_mobile=\u00bb1,3&#8243;][\/vc_column][\/vc_row][vc_row][vc_column][vc_empty_space alter_height=\u00bbbiggest\u00bb hide_on_mobile=\u00bb\u00bb][trx_sc_layouts layout=\u00bb948&#8243;][\/vc_column][\/vc_row]<\/p>\n","protected":false},"excerpt":{"rendered":"<p>[vc_row equal_height=\u00bbyes\u00bb content_placement=\u00bbmiddle\u00bb][vc_column width=\u00bb1\/4&#8243;][vc_empty_space alter_height=\u00bbmedium\u00bb hide_on_mobile=\u00bb\u00bb][asvc_moving_image image=\u00bb1006&#8243; animation_style=\u00bbpulse\u00bb align=\u00bbcenter\u00bb title=\u00bbT\u00edtulo\u00bb][\/vc_column][vc_column width=\u00bb3\/4&#8243;][vc_empty_space alter_height=\u00bbbiggest\u00bb hide_on_mobile=\u00bb1&#8243;][trx_sc_title title_style=\u00bbdefault\u00bb title=\u00bbTodo un equipo para ti\u00bb subtitle=\u00bbCampus Talent\u00bb description=\u00bbTodo el equipo de la C\u00e1tedra est\u00e1 muy implicado con la esencia de este programa, el desarrollo de las competencias personales y profesionales. Esto tambi\u00e9n suponen una forma de innovaci\u00f3n tanto en las personas [&hellip;]<\/p>\n","protected":false},"author":1,"featured_media":860,"parent":0,"menu_order":0,"comment_status":"closed","ping_status":"closed","template":"","meta":{"footnotes":""},"class_list":["post-28","page","type-page","status-publish","has-post-thumbnail","hentry"],"_links":{"self":[{"href":"https:\/\/gandiainnova.webs.upv.es\/talento\/wp-json\/wp\/v2\/pages\/28","targetHints":{"allow":["GET"]}}],"collection":[{"href":"https:\/\/gandiainnova.webs.upv.es\/talento\/wp-json\/wp\/v2\/pages"}],"about":[{"href":"https:\/\/gandiainnova.webs.upv.es\/talento\/wp-json\/wp\/v2\/types\/page"}],"author":[{"embeddable":true,"href":"https:\/\/gandiainnova.webs.upv.es\/talento\/wp-json\/wp\/v2\/users\/1"}],"replies":[{"embeddable":true,"href":"https:\/\/gandiainnova.webs.upv.es\/talento\/wp-json\/wp\/v2\/comments?post=28"}],"version-history":[{"count":15,"href":"https:\/\/gandiainnova.webs.upv.es\/talento\/wp-json\/wp\/v2\/pages\/28\/revisions"}],"predecessor-version":[{"id":1098,"href":"https:\/\/gandiainnova.webs.upv.es\/talento\/wp-json\/wp\/v2\/pages\/28\/revisions\/1098"}],"wp:featuredmedia":[{"embeddable":true,"href":"https:\/\/gandiainnova.webs.upv.es\/talento\/wp-json\/wp\/v2\/media\/860"}],"wp:attachment":[{"href":"https:\/\/gandiainnova.webs.upv.es\/talento\/wp-json\/wp\/v2\/media?parent=28"}],"curies":[{"name":"wp","href":"https:\/\/api.w.org\/{rel}","templated":true}]}}