{"id":32,"date":"2017-03-03T19:08:38","date_gmt":"2017-03-03T19:08:38","guid":{"rendered":"http:\/\/crown-art.dv.ancorathemes.com\/?page_id=32"},"modified":"2019-05-13T10:59:26","modified_gmt":"2019-05-13T10:59:26","slug":"programa","status":"publish","type":"page","link":"https:\/\/gandiainnova.webs.upv.es\/talento\/programa\/","title":{"rendered":"Programa"},"content":{"rendered":"<p>[vc_row][vc_column][trx_sc_title title_style=\u00bbdefault\u00bb title_align=\u00bbcenter\u00bb title=\u00bbTodos los cursos\u00bb][vc_empty_space alter_height=\u00bblarge\u00bb hide_on_mobile=\u00bb\u00bb][trx_sc_courses type=\u00bbprice_style\u00bb past=\u00bb\u00bb orderby=\u00bbpost_date\u00bb order=\u00bbdesc\u00bb slider=\u00bb\u00bb title_style=\u00bbdefault\u00bb count=\u00bb12&#8243; columns=\u00bb2&#8243;][vc_row_inner][vc_column_inner width=\u00bb1\/2&#8243;][vc_single_image image=\u00bb1179&#8243; img_size=\u00bblarge\u00bb alignment=\u00bbcenter\u00bb style=\u00bbvc_box_shadow_border\u00bb][vc_empty_space alter_height=\u00bbsmall\u00bb hide_on_mobile=\u00bb\u00bb][trx_sc_button type=\u00bbdefault\u00bb size=\u00bblarge\u00bb align=\u00bbcenter\u00bb icon=\u00bbicon-pencil-light\u00bb icon_position=\u00bbleft\u00bb link=\u00bbhttps:\/\/www.inscribirme.com\/cursotalentoexpresivomodulocompetenciasdelacomunicacion\u00bb title=\u00bbInscribirme\u00bb][vc_empty_space alter_height=\u00bbsmall\u00bb hide_on_mobile=\u00bb\u00bb][\/vc_column_inner][vc_column_inner width=\u00bb1\/2&#8243;][vc_column_text]<\/p>\n<h4 style=\"text-align: center;\">Curso del Talento Expresivo: M\u00f3dulo <span style=\"color: #ff9900;\">Competencias de la Comunicaci\u00f3n<\/span><\/h4>\n<h6 style=\"text-align: justify;\">El curso se dirige a las empresas interesadas en <span style=\"color: #ff9900;\">mejorar la calidad y competitividad de la comunicaci\u00f3n<\/span> en sus organizaciones, y a los estudiantes universitarios de \u00faltimos cursos de grados que quieran disfrutar de esta formaci\u00f3n junto a las principales empresas de la comarca.<\/h6>\n<p style=\"text-align: justify;\">Durante 16 horas divididas en <span style=\"color: #ff9900;\">seis sesiones eminentemente pr\u00e1cticas<\/span> se trabajar\u00e1n mediante t\u00e9cnicas las principales competencias de la comunicaci\u00f3n. Como punto de partida, todos los participantes tendr\u00e1n la oportunidad de conocer la <span style=\"color: #ff9900;\">intensidad de sus cinco talentos<\/span> con el Test del ADNe del Talento, desarrollado exclusivamente para el programa por el investigador y colaborador El\u00edas Azulay, y trabajar con este curso cada uno de los recursos del Talento Expresivo. Adem\u00e1s contar\u00e1n con un <em>Work Planner<\/em> que les permitir\u00e1 llevar un <span style=\"color: #ff9900;\">seguimiento de sus avances<\/span>, junto al apoyo de la Coach Marta Ciudad (Coach CAC certificada por ASESCO) y responsable de este programa de Soft Skills, a fin de detectar los posibles obst\u00e1culos en el progreso individual.<\/p>\n<p>[\/vc_column_text][vc_empty_space alter_height=\u00bbsmall\u00bb hide_on_mobile=\u00bb\u00bb][trx_sc_countdown type=\u00bbdefault\u00bb align=\u00bbcenter\u00bb date=\u00bb2019-06-04&#8243; time=\u00bb18:00:00&#8243; title_style=\u00bbdefault\u00bb title=\u00bbEl curso empieza en\u00bb][vc_empty_space alter_height=\u00bbsmall\u00bb hide_on_mobile=\u00bb\u00bb][\/vc_column_inner][\/vc_row_inner][vc_empty_space hide_on_mobile=\u00bb\u00bb][vc_separator color=\u00bborange\u00bb style=\u00bbshadow\u00bb][vc_empty_space hide_on_mobile=\u00bb\u00bb][vc_row_inner][vc_column_inner width=\u00bb1\/2&#8243;][vc_column_text]<\/p>\n<h4 style=\"text-align: center;\">Curso <span style=\"color: #ff9900;\">Neurociencia y Talento<\/span><\/h4>\n<h6 style=\"text-align: justify;\">Esta formaci\u00f3n est\u00e1 focalizada en el <span style=\"color: #ff9900;\">conocimiento de las bases del talento<\/span> como punto de partida de los comportamientos que ofrecen mejores resultados.<\/h6>\n<p style=\"text-align: justify;\">A lo largo de dos sesiones online y tres presenciales, los asistentes tendr\u00e1n la oportunidad de ampliar el espectro de conocimiento sobre el\u00a0comportamiento emocional, el talento y las\u00a0competencias a desarrollar por las personas y <span style=\"color: #ff9900;\">dispo<span style=\"font-family: Helvetica;\">ner de herram<\/span>ientas de medici\u00f3n<\/span> para\u00a0localizar y gestionar el talento.<\/p>\n<p style=\"text-align: justify;\">Desde la concesi\u00f3n compartida del Nobel de Fisiolog\u00eda y Medicina (2000) a Eric Kandel, Paul Greengard y Arvid Carlsson, se establecieron s\u00f3lidas premisas sobre el origen bioqu\u00edmico del comportamiento que han ido abri\u00e9ndose paso para ser compartidas con profesionales de las ciencias sociales, de la salud y del \u00e1mbito empresarial; junto a\u00a0los avances y contenidos aportados por otras disciplinas, se confluyen en el <span style=\"color: #ff9900;\">conocimiento denominado \u00abNeurociencia\u00bb<\/span>, n\u00facleo de esta formaci\u00f3n.<\/p>\n<p>[\/vc_column_text][vc_empty_space alter_height=\u00bbsmall\u00bb hide_on_mobile=\u00bb\u00bb][trx_sc_button type=\u00bbdefault\u00bb size=\u00bblarge\u00bb align=\u00bbcenter\u00bb icon=\u00bbicon-pencil-light\u00bb icon_position=\u00bbleft\u00bb link=\u00bbhttps:\/\/www.inscribirme.com\/cursoneurocienciaytalento\u00bb title=\u00bbPreinscribirme\u00bb][vc_empty_space alter_height=\u00bbsmall\u00bb hide_on_mobile=\u00bb\u00bb][\/vc_column_inner][vc_column_inner width=\u00bb1\/2&#8243;][vc_empty_space hide_on_mobile=\u00bb\u00bb][vc_single_image image=\u00bb1173&#8243; img_size=\u00bblarge\u00bb alignment=\u00bbcenter\u00bb style=\u00bbvc_box_shadow_border\u00bb][vc_empty_space alter_height=\u00bbsmall\u00bb hide_on_mobile=\u00bb\u00bb][\/vc_column_inner][\/vc_row_inner][vc_empty_space hide_on_mobile=\u00bb\u00bb][\/vc_column][\/vc_row][vc_row][vc_column][vc_empty_space alter_height=\u00bbmedium\u00bb hide_on_mobile=\u00bb\u00bb][trx_sc_layouts layout=\u00bb1045&#8243;][\/vc_column][\/vc_row]<\/p>\n","protected":false},"excerpt":{"rendered":"<p>[vc_row][vc_column][trx_sc_title title_style=\u00bbdefault\u00bb title_align=\u00bbcenter\u00bb title=\u00bbTodos los cursos\u00bb][vc_empty_space alter_height=\u00bblarge\u00bb hide_on_mobile=\u00bb\u00bb][trx_sc_courses type=\u00bbprice_style\u00bb past=\u00bb\u00bb orderby=\u00bbpost_date\u00bb order=\u00bbdesc\u00bb slider=\u00bb\u00bb title_style=\u00bbdefault\u00bb count=\u00bb12&#8243; columns=\u00bb2&#8243;][vc_row_inner][vc_column_inner width=\u00bb1\/2&#8243;][vc_single_image image=\u00bb1179&#8243; img_size=\u00bblarge\u00bb alignment=\u00bbcenter\u00bb style=\u00bbvc_box_shadow_border\u00bb][vc_empty_space alter_height=\u00bbsmall\u00bb hide_on_mobile=\u00bb\u00bb][trx_sc_button type=\u00bbdefault\u00bb size=\u00bblarge\u00bb align=\u00bbcenter\u00bb icon=\u00bbicon-pencil-light\u00bb icon_position=\u00bbleft\u00bb link=\u00bbhttps:\/\/www.inscribirme.com\/cursotalentoexpresivomodulocompetenciasdelacomunicacion\u00bb title=\u00bbInscribirme\u00bb][vc_empty_space alter_height=\u00bbsmall\u00bb hide_on_mobile=\u00bb\u00bb][\/vc_column_inner][vc_column_inner width=\u00bb1\/2&#8243;][vc_column_text] Curso del Talento Expresivo: M\u00f3dulo Competencias de la Comunicaci\u00f3n El curso se dirige a las empresas interesadas en mejorar la calidad y [&hellip;]<\/p>\n","protected":false},"author":1,"featured_media":1093,"parent":0,"menu_order":0,"comment_status":"closed","ping_status":"closed","template":"","meta":{"footnotes":""},"class_list":["post-32","page","type-page","status-publish","has-post-thumbnail","hentry"],"_links":{"self":[{"href":"https:\/\/gandiainnova.webs.upv.es\/talento\/wp-json\/wp\/v2\/pages\/32","targetHints":{"allow":["GET"]}}],"collection":[{"href":"https:\/\/gandiainnova.webs.upv.es\/talento\/wp-json\/wp\/v2\/pages"}],"about":[{"href":"https:\/\/gandiainnova.webs.upv.es\/talento\/wp-json\/wp\/v2\/types\/page"}],"author":[{"embeddable":true,"href":"https:\/\/gandiainnova.webs.upv.es\/talento\/wp-json\/wp\/v2\/users\/1"}],"replies":[{"embeddable":true,"href":"https:\/\/gandiainnova.webs.upv.es\/talento\/wp-json\/wp\/v2\/comments?post=32"}],"version-history":[{"count":25,"href":"https:\/\/gandiainnova.webs.upv.es\/talento\/wp-json\/wp\/v2\/pages\/32\/revisions"}],"predecessor-version":[{"id":1182,"href":"https:\/\/gandiainnova.webs.upv.es\/talento\/wp-json\/wp\/v2\/pages\/32\/revisions\/1182"}],"wp:featuredmedia":[{"embeddable":true,"href":"https:\/\/gandiainnova.webs.upv.es\/talento\/wp-json\/wp\/v2\/media\/1093"}],"wp:attachment":[{"href":"https:\/\/gandiainnova.webs.upv.es\/talento\/wp-json\/wp\/v2\/media?parent=32"}],"curies":[{"name":"wp","href":"https:\/\/api.w.org\/{rel}","templated":true}]}}

<p>[vc_row][vc_column][trx_sc_title title_style=»default» title_align=»center» title=»Todos los cursos»][vc_empty_space alter_height=»large» hide_on_mobile=»»][trx_sc_courses type=»price_style» past=»» orderby=»post_date» order=»desc» slider=»» title_style=»default» count=»12&#8243; columns=»2&#8243;][vc_row_inner][vc_column_inner width=»1/2&#8243;][vc_single_image image=»1179&#8243; img_size=»large» alignment=»center» style=»vc_box_shadow_border»][vc_empty_space alter_height=»small» hide_on_mobile=»»][trx_sc_button type=»default» size=»large» align=»center» icon=»icon-pencil-light» icon_position=»left» link=»https://www.inscribirme.com/cursotalentoexpresivomodulocompetenciasdelacomunicacion» title=»Inscribirme»][vc_empty_space alter_height=»small» hide_on_mobile=»»][/vc_column_inner][vc_column_inner width=»1/2&#8243;][vc_column_text]</p>
<h4 style="text-align: center;">Curso del Talento Expresivo: Módulo <span style="color: #ff9900;">Competencias de la Comunicación</span></h4>
<h6 style="text-align: justify;">El curso se dirige a las empresas interesadas en <span style="color: #ff9900;">mejorar la calidad y competitividad de la comunicación</span> en sus organizaciones, y a los estudiantes universitarios de últimos cursos de grados que quieran disfrutar de esta formación junto a las principales empresas de la comarca.</h6>
<p style="text-align: justify;">Durante 16 horas divididas en <span style="color: #ff9900;">seis sesiones eminentemente prácticas</span> se trabajarán mediante técnicas las principales competencias de la comunicación. Como punto de partida, todos los participantes tendrán la oportunidad de conocer la <span style="color: #ff9900;">intensidad de sus cinco talentos</span> con el Test del ADNe del Talento, desarrollado exclusivamente para el programa por el investigador y colaborador Elías Azulay, y trabajar con este curso cada uno de los recursos del Talento Expresivo. Además contarán con un <em>Work Planner</em> que les permitirá llevar un <span style="color: #ff9900;">seguimiento de sus avances</span>, junto al apoyo de la Coach Marta Ciudad (Coach CAC certificada por ASESCO) y responsable de este programa de Soft Skills, a fin de detectar los posibles obstáculos en el progreso individual.</p>
<p>[/vc_column_text][vc_empty_space alter_height=»small» hide_on_mobile=»»][trx_sc_countdown type=»default» align=»center» date=»2019-06-04&#8243; time=»18:00:00&#8243; title_style=»default» title=»El curso empieza en»][vc_empty_space alter_height=»small» hide_on_mobile=»»][/vc_column_inner][/vc_row_inner][vc_empty_space hide_on_mobile=»»][vc_separator color=»orange» style=»shadow»][vc_empty_space hide_on_mobile=»»][vc_row_inner][vc_column_inner width=»1/2&#8243;][vc_column_text]</p>
<h4 style="text-align: center;">Curso <span style="color: #ff9900;">Neurociencia y Talento</span></h4>
<h6 style="text-align: justify;">Esta formación está focalizada en el <span style="color: #ff9900;">conocimiento de las bases del talento</span> como punto de partida de los comportamientos que ofrecen mejores resultados.</h6>
<p style="text-align: justify;">A lo largo de dos sesiones online y tres presenciales, los asistentes tendrán la oportunidad de ampliar el espectro de conocimiento sobre el comportamiento emocional, el talento y las competencias a desarrollar por las personas y <span style="color: #ff9900;">dispo<span style="font-family: Helvetica;">ner de herram</span>ientas de medición</span> para localizar y gestionar el talento.</p>
<p style="text-align: justify;">Desde la concesión compartida del Nobel de Fisiología y Medicina (2000) a Eric Kandel, Paul Greengard y Arvid Carlsson, se establecieron sólidas premisas sobre el origen bioquímico del comportamiento que han ido abriéndose paso para ser compartidas con profesionales de las ciencias sociales, de la salud y del ámbito empresarial; junto a los avances y contenidos aportados por otras disciplinas, se confluyen en el <span style="color: #ff9900;">conocimiento denominado «Neurociencia»</span>, núcleo de esta formación.</p>
<p>[/vc_column_text][vc_empty_space alter_height=»small» hide_on_mobile=»»][trx_sc_button type=»default» size=»large» align=»center» icon=»icon-pencil-light» icon_position=»left» link=»https://www.inscribirme.com/cursoneurocienciaytalento» title=»Preinscribirme»][vc_empty_space alter_height=»small» hide_on_mobile=»»][/vc_column_inner][vc_column_inner width=»1/2&#8243;][vc_empty_space hide_on_mobile=»»][vc_single_image image=»1173&#8243; img_size=»large» alignment=»center» style=»vc_box_shadow_border»][vc_empty_space alter_height=»small» hide_on_mobile=»»][/vc_column_inner][/vc_row_inner][vc_empty_space hide_on_mobile=»»][/vc_column][/vc_row][vc_row][vc_column][vc_empty_space alter_height=»medium» hide_on_mobile=»»][trx_sc_layouts layout=»1045&#8243;][/vc_column][/vc_row]</p>

<p>[vc_row][vc_column][trx_sc_title title_style=»default» title_align=»center» title=»Todos los cursos»][vc_empty_space alter_height=»large» hide_on_mobile=»»][trx_sc_courses type=»price_style» past=»» orderby=»post_date» order=»desc» slider=»» title_style=»default» count=»12&#8243; columns=»2&#8243;][vc_row_inner][vc_column_inner width=»1/2&#8243;][vc_single_image image=»1179&#8243; img_size=»large» alignment=»center» style=»vc_box_shadow_border»][vc_empty_space alter_height=»small» hide_on_mobile=»»][trx_sc_button type=»default» size=»large» align=»center» icon=»icon-pencil-light» icon_position=»left» link=»https://www.inscribirme.com/cursotalentoexpresivomodulocompetenciasdelacomunicacion» title=»Inscribirme»][vc_empty_space alter_height=»small» hide_on_mobile=»»][/vc_column_inner][vc_column_inner width=»1/2&#8243;][vc_column_text] Curso del Talento Expresivo: Módulo Competencias de la Comunicación El curso se dirige a las empresas interesadas en mejorar la calidad y [&hellip;]</p>
